 value of -8 + (4 - (5 - 7 - -9)) - (63 + -62)?
-12
Evaluate 23 + -32 + -52 + 56 + (4 + -2 - -1).
-2
What is the value of -16 - (2 + 1 + -11 + 61 + -83)?
14
What is the value of -252 + (22 - -98) - -92?
-40
Calculate 22 + (-11 - (-21 - (11 - 12))).
31
What is the value of (-21 - 1) + 4 + (-20 + 26 - 1)?
-13
8 + (2 - 10) + 22 + -12 + 5
15
What is the value of -2 - (2 + -11) - (-863 + 815)?
55
What is the value of -119 + (22 - 20) + 60?
-57
Calculate -6 + -1 - -8 - (-10 + 0 + 20 + -22).
13
What is the value of -59 + (37 - 35) + 14?
-43
Calculate 100 + -111 + 20 + -3.
6
34 - ((21 - 4) + 5) - (0 + 2)
10
What is (-38 + 6 + -15 - (44 + -34)) + -3?
-60
Calculate -23 - 50 - -86 - (3 - -56).
-46
28 + (-23 - 38) - -66
33
Calculate -6 + (3 - 0 - 7) + 1 + -377 + 355.
-31
-420 + 445 + (4 - (4 + 64))
-39
0 - 95 - (18 + (-7 - -23) + (-64 - -35))
-100
Calculate -65 - ((-66 - -24) + 61).
-84
(-9 - (12 - 17) - -52) + (-2 - 0 - 9)
37
Evaluate -1 - -1 - -12 - (288 - 225) - 2.
-53
-9 + 20 + -18 - 8 - 24 - (-5 + -6)
-28
What is the value of (2 - 9) + 23 + -13 - 1 - 45?
-43
-49 - -25 - (-2 + 9 - (1 + -5))
-35
12 - -40 - -15 - (-1 - 24)
92
What is the value of -19 - -7 - ((-101 + 130 - (0 + 7)) + 9)?
-43
Evaluate ((-8 - (-4 - 3)) + 1 - (-1 + 0)) + 6.
7
Evaluate 66 + (-75 - -110) - 88.
13
Calculate 13 + 6 - (-3 + 2 + 5) - (0 - -3).
12
(-4 - (1 - -17)) + 13 - (-3 + 4)
-10
Calculate (-89 - -52) + 100 + -59 - (0 + -1 + -8).
13
Calculate -98 + (-16 - -118) + -69.
-65
What is the value of 160 + -128 + 94 - 79?
47
What is (2 - 4) + 2 + 64 - (4816 + -4810)?
58
Calculate 39 - (4 + 1 + (20 - 16 - 7)).
37
(-19 - -8 - -27) + (2 - 18) + -48
-48
-4 + (-2 - -10) + -9 - (21 + -3) - 5
-28
Evaluate -226 - -236 - (6 - 3).
7
What is the value of 14 - ((181 - 203) + (-2 - -2) + (2 - -2))?
32
(15 - 0) + (65 + 79 - 121)
38
What is 51 + 35 + (0 - (4 + 3)) + -2 + 1?
78
What is -47 - -22 - (-20 - -19 - (2 + -13))?
-35
What is (128 - (4 - 1)) + (5 + 17 - -1 - 34)?
114
Evaluate 70 - -18 - ((17 - 4) + (7 - (-5 - -15))).
78
Calculate 62 - (23 + (1 - (-1 + (1 - -10)))).
48
-3 + 49 + (-34 - (37 - 71))
46
What is -5 + -90 - (1173 - 1208)?
-60
What is the value of -71 - (16 - -8 - (0 - -40))?
-55
What is -7 + -71 + 38 + 2 - 3?
-41
-54 + (-5 - (-47 - 11))
-1
Evaluate -83 - -107 - (8 - 7 - (-2 + -3)).
18
What is the value of (14 - 13 - -3) + 2 + -18 - 8?
-20
What is 60 - (-31 + 76 + -34 + 20)?
29
What is the value of 6 + (-3 - (2 + 6 + 21)) + 8?
-18
What is 1 + -88 - (2 + 27 - (-1056 + 1095))?
-77
Calculate 11 - (-86 + 4 - -69).
24
Calculate -5 + 46 + (22 - 10).
53
Evaluate 36 - (21 + 42) - 26.
-53
What is the value of 145 + (55 - 191) - ((0 - -2) + -34 + 0)?
41
Evaluate -34 + (62 - -1) + 25.
54
Evaluate -238 - (-117 - 10) - -70.
-41
What is (-6 + 2 + -2 - (48 - 50 - 0)) + 29?
25
Evaluate (-72 - (14 + -21)) + 18 + 5 + 3.
-39
7 - (66 - 71 - (-67 - (0 + -1)))
-54
What is the value of -46 + (-4 - (6 + -14 + -7))?
-35
What is the value of (-11 - (4 + (-6 - -3))) + -12 + -9 + -6?
-39
Calculate 9 - -2 - (-1 - (-8 - ((54 - -3) + -15))).
-38
What is the value of 52 - 0 - (0 - -12 - (-7 - -17) - 7)?
57
Evaluate 36 - (-16 + (18 + -9 - -18)).
25
5 - (-37 + -22 - (-2 + 12 + (-7 - 1)))
66
19 - (-54 - -7 - -108)
-42
What is the value of (137 - -4) + 992 + -1065?
68
What is the value of (408 - 310) + (-30 - 142)?
-74
Calculate 23 - (34 + 2) - (60 + -5).
-68
What is the value of 17 + -1 + 4 - (-15 + (-72 - -9))?
98
What is the value of -91 + 133 + -47 - (2 + -5 + -18)?
16
What is 5 + -6 + (-16 - ((-2 - 2) + -3) - -8)?
-2
Evaluate (9 - -1 - (-15 - 49)) + -17 + -13.
44
133 - (55 - -79 - 127)
126
(8 - -38) + -19 - (-2 - 16)
45
Calculate -71 - (-27 - 0) - -31.
-13
Calculate -22 - 32 - (-40 + -37).
23
What is the value of (-21 + 0 - (45 + -61)) + 0 + -64?
-69
What is the value of 8 + (-3 + (-1 - 8) + 16 - (5 + -47))?
54
What is the value of (29 - 2 - (33 - -31 - 49)) + -11?
1
Calculate -131 + (89 - -18) - (-58 - -1).
33
What is the value of (-5 + -11 + -7 + 13 + 47 - 1) + -5?
31
-13 - (-5 + (-1 - 0) - (42 - 65 - -12))
-18
-1 + -30 + (-304 - -340)
5
What is 7 + -16 - (7 + 21 - 16)?
-21
Calculate (17 - (74 - 10 - -25)) + 10 + 1.
-61
What is the value of 91 + 3 + -6 + -1 + -1 + (-9 - -1)?
78
Evaluate (-7 - -2 - (106 - 114)) + -4 - 59.
-60
Evaluate 11 + 10 + (58 - 28).
51
Calculate (-29 - 49) + 32 - -9.
-37
What is -10 + (4 + -52 - (-38 + 21))?
-41
What is the value of -603 + 670 - (45 - -7)?
15
Calculate 16 - (-33 + (25 - -33)).
-9
4 + -12 + 0 + (85 + -50 - 32) + -100
-105
What is 138 + (36 - 52 - 49)?
73
What is the value of (43 + -22 - 10) + (-91 - (-18 + 10))?
-72
What is the value of -7 - (35 + -48) - 59?
-53
What is -16806 + 16820 - (-44 + 1 + -3)?
60
(36 - (-6 - -44)) + 5 + (-4 - -3)
2
Calculate 3 + (1 - -81) + 2 + (-24 - (-41 - -8)).
96
What is -18 - -8 - (38 + (-5 - -1))?
-44
Calculate (16 - (15 - 5)) + (1 - 6) + -3 + 4.
2
(0 - 104) + 989 + -931
-46
What is the value of 32 - -45 - (-1 + 19 - (18 + -17))?
60
What is the value of (-5 - 19 - (-34 + -7 + 30)) + 0?
-13
What is the value of 113 - 169 - (-17 - -10)?
-49
What is the value of 40 - (-5 - (15 + -12 - 12 - 11))?
25
-20 + 95 + -6 - ((4 - 2) + -6 + 0)
73
Evaluate -9 + 23 + 4 + -28 - 4.
-14
What is -26 - (-44 - (28 - 76))?
-30
Calculate (-3 - (-6 - 2)) + (345 - 384).
-34
What is the value of (45 - 3) + -1556 + 1567?
53
32 + (-62 - -38) - -13
21
Evaluate 111 - (-8 - (-16 - -2) - (169 - 152)).
122
What is the value of 10 + (1 - 16) + 0 - -15?
10
Evaluate (-17 - -1) + -29 - (-4 + (3 - -1)).
-45
What is (-44 - -1) + 56 + -162 + 76?
-73
-149 + 46 - -79 - (1 - 42)
17
What is the value of -8 + (21 - 9) + (-8 - 5)?
-9
What is -18 - (-37 - (-28 - -39))?
30
What is the value of (-93 - (-47 + (38 - 8))) + -3?
-79
Evaluate -19 - (3 + -18 + 6) - -36.
26
What is (62 - (2 + -2 + 9)) + (-10 - 2)?
41
Evaluate -1 - (-3 - -6) - (-21 - (17 - (19 - -6))).
9
What is the value of -49 + 48 + ((-7 - -6) + 7 - 5)?
0
Calculate -127 - ((-100 - 13) + 76).
-90
Evaluate -2 + -41 + 38 + -28 + 4.
-29
Calculate (-5 - (2 + -2)) + -8 - (-68 - (4 - 16)).
43
Evaluate (1 - -3) + (9 - (16 - -10)) + 26.
13
What is 10 + (-14 - 1 - -7) + -52?
-50
-2 - -5 - 15 - (-56 - (-12 - -11))
43
What is the value of -54 - (22 - (6 + 0 + 33))?
-37
What is the value of 34 + 4 + (16 - (33 + 5))?
16
What is the value of (1 - 0) + (-103 - -104) - (8 + -16 + 1)?
9
What is -4 - (-4 + 28 + -9 - 6) - 10?
-23
What is the value of (84 - 31) + (2 - (4 - 3)) + -24 + 25?
55
Calculate 15 + (10 + -17 + 5 - (-32 - -18)).
27
What is -17 + (-102 - (15 + -98))?
-36
What is (7 - -4) + (-158 - (-38 - -6)) + -18?
-133
Calculate -21 + (9 - 20) + (6 - 2) + -6.
-34
Evaluate 142 - 117 - ((0 - -2) + -1 + 9 + -3).
18
Calculate (3 - -1) + -3 - -44 - (20 + -2 - 15).
42
Evaluate (40 - 6 - -11) + (-4 - 6).
35
What is 38 + (-50 + 70 - 18)?
40
What is the value of 137 - 65 - 80 - -99?
91
What is 97 + -107 - (-13 - (19 - 44))?
-22
What is 6 - ((-58 - (30 - 55)) + 47)?
-8
Evaluate (-14 - (16 + -3 + -21) - (3 + -5)) + -69.
-73
What is -2 - 24 - (-73 + 108 - 42)?
-19
What is the value of 152 + (-254 - (-12 - 96))?
6
Calculate 6 + -2 - 13 - (19 - (6 + (-17 - -13))).
-26
Evaluate 17 - 110 - -39 - -44.
-10
What is (19 - (17 + -53)) + (12 - 48)?
19
What is the value of 1205 - 1251 - (0 - 8)?
-38
Evaluate -57 + 1 + (-104 - (141 - 215)) + -1 + 16.
-71
Evaluate 241 - -1 - (40400 - 40288).
130
What is 55 - (86 - 51) - (3 - 6 - (-1 + -8))?
14
Calculate (119 - (189 - 71)) + (25 - 0).
26
Calculate 510 + -498 - (-2 + -9).
23
-9 + (3 - -2) + -10 + 38 + 8
32
Calculate 5662 + -5767 + -2 + (-4 - -2) + (0 - -3).
-106
What is the value of (-2 - -30) + -533 + 523 - 73?
-55
What is 2827 + -2811 - ((-1 - 2) + 97)?
-78
What is the value of 6888 + -6910 + 39 + 0 + 1?
18
Evaluate (61 - 87) + 183 + -162.
-5
Evaluate -40 + 2 + 50 + -10 + 0 - 6.
-4
Evaluate 34 - (77 + 9 + -48).
-4
What is (8 - (0 - 2)) + (-11 - -105 - (-2 - -34))?
72
Calculate -21 - -1 - (57 + 1 + -40).
-38
What is the value of -54 - ((-4 - (3 + -6 - 12)) + -14)?
-51
Evaluate 10 + (-1 + 14 + -2 - (-11 - -16)).
16
What is 19 - ((148 - 26) + -2)?
-101
Evaluate (-2 - (-10 + 7)) + 32 - (-9 - (-22 + 15)).
35
What is (1 + -2 - (172 - 190)) + -12?
5
Calculate 13 + -26 + 18 - (-691 + 723).
-27
19 + -2 - (-19 + (22 + -22 